the units digit of o(k)?
6
Suppose 22*z - 8421 = 15*z. Suppose 1097 + z = 25*u. What is the units digit of u?
2
Let k = -104 - -311. Suppose i - 70 - k = 0. What is the hundreds digit of i?
2
Suppose 42*l - 6482680 = -170*l + 40*l. What is the hundreds digit of l?
6
Let j be (0/(-4))/(-7 + 3). Suppose 5*h + 4*t = 25, h = 5*t - j*t + 5. Let a(d) = 25*d + 13. What is the hundreds digit of a(h)?
1
Suppose 2*z + 4*v - 9976 = 0, -3*z - 2*v = -12635 - 2353. What is the units digit of z?
0
Suppose 51 = 4*g + 43. Let l be (-6 + g)*2/(-4). What is the tens digit of l*2 + (89 - 6)?
8
Suppose 118965 = 3*j - 16*r + 14*r, 3*j = 5*r + 118947. What is the tens digit of j?
5
Suppose 2*x - 86 = -0*x. Let n(c) = -2*c**2 - 30*c + 17. Let i be n(-15). Let z = x - i. What is the units digit of z?
6
Let z(u) = -32*u**2 + 2*u + 14798. What is the units digit of z(0)?
8
Suppose -16 = -5*x + 19. Suppose -x*n + 439 + 849 = 0. Suppose 3*z = z + n. What is the units digit of z?
2
Suppose -4*s = 20, -2*b + 0*s + 45 = -s. Suppose -6 = b*y - 23*y. What is the units digit of (-12)/(-4) + -1 + 70/y?
7
Let n be (9 - 10)/((-3)/87). Suppose -m = -28 - n. Let o = 193 + m. What is the tens digit of o?
5
Let z = -938 + 1536. Let h(i) = i**3 - 5*i**2 + 3*i - 1. Let f be h(5). Suppose -1306 - z = -f*j. What is the units digit of j?
6
Suppose -212*j + 7500 = -206*j. What is the tens digit of j?
5
Let q(r) be the first derivative of -31*r**2 + 54*r + 57. What is the units digit of q(-6)?
6
Let f(u) = -u**2 - 6*u + 33. Let s = 123 - 132. Let d be f(s). What is the units digit of 249/d*12/2?
9
Let c(d) = -139*d**3 - d**2 + 13*d + 34. What is the tens digit of c(-5)?
1
Let v(o) = 2*o + 22. Let n be v(0). Let s be 1426/22 + 4/n. Suppose -4*u + 8 = -m + s, 3*m = -4*u + 123. What is the tens digit of m?
4
Let i(p) = 14*p - 16. Let c be i(2). Suppose -c = 3*q - 3*a, 5*q - 3*a + 6 + 10 = 0. What is the hundreds digit of 3/(-6)*836/q?
2
Let b = 445 + -457. What is the tens digit of 1084 - 6/b*4?
8
Let v(g) = g**2 + 47*g + 604. What is the tens digit of v(-54)?
8
Let i(c) = 9*c + 27. Let a be i(-3). Suppose -5*u + 1029 = 2*r - a*r, 2*u = -4*r + 418. Let g = u - 140. What is the tens digit of g?
6
Suppose 0 = -21*j + 85720 + 115481. What is the hundreds digit of j?
5
Let f be (-9)/6*((-500)/30 - -14). Suppose -3*k = -2*k - 46. Let w = k - f. What is the tens digit of w?
4
Let u(t) = 697*t**3 + 54*t - 102. What is the hundreds digit of u(2)?
5
Suppose 0 = 4*k - 4*y - 3120, -y + 552 + 1780 = 3*k. Suppose -4*x + 1754 + k = -3*p, -x - 3*p = -648. What is the tens digit of x?
3
Let t = 113 + -328. Let p = t - -420. What is the tens digit of p?
0
Let t be 2*-1*(-10)/((-80)/2136). Let q = -176 - t. What is the hundreds digit of q?
3
Suppose 0 = -4*k + d + 37, -24 = -11*k + 8*k - 3*d. Suppose -51 = k*y - 222. What is the units digit of y?
9
Let y be (6/8)/((-129)/(-172)). What is the tens digit of (((-28782)/(-4))/(-27))/(y/(-4))?
6
Let q(h) be the third derivative of -8*h**2 + 1/30*h**5 + 0 + 1/6*h**3 + 0*h**4 + 0*h. What is the tens digit of q(-3)?
1
Let k = 100 - 87. Suppose 0 = -k*l + 84 + 7. What is the units digit of l + -5 - (-159 - 2)*1?
3
Let k(l) be the second derivative of 1/2*l**2 - 6*l + 1/6*l**3 + 1/12*l**4 + 0. What is the tens digit of k(4)?
2
Suppose 1537 - 170 = 5*r - 8*l, 4*r = 4*l + 1096. Suppose 4*v - 2*z - 116 = 508, -3*z + 6 = 0. Let b = r - v. What is the hundreds digit of b?
1
Let r = 159 + 50. Suppose 3*j + 5*o + r = -55, o = -j - 88. Let w = j - -229. What is the tens digit of w?
4
Let r(d) = 5*d**2 + 3*d - 1. Let k be r(-5). Let n = k + -40. What is the tens digit of n?
6
Suppose 2*p + y - 778 = 0, -p + 68 = -2*y - 316. Suppose w - 3*w = 2*r - p, r = -4. What is the units digit of w?
8
Suppose 8*s - 164 = 44. Suppose -s = p - 593. What is the units digit of p?
7
Let t(b) = -24*b - 238. Let l be t(-10). What is the tens digit of (5 - (l - 1054))*(-6)/(-7)?
0
Suppose 0 = 2*m + w - 859, 5*m + 2*w + 1011 = 3160. What is the hundreds digit of m?
4
Suppose 5*l + 1176 = -g, 2*l + 488 = 3*g + g. Let m = -575 - -410. Let w = m - l. What is the units digit of w?
1
Suppose -2*b = 5*x - 4*b - 216, -5*x - 3*b + 201 = 0. Let l = 33 - x. What is the tens digit of 36/l + (71 - 1)?
6
Suppose -4 = -7*c + 17. Suppose 339 = 5*x + 3*q, 7*q - c*q - 12 = 0. What is the tens digit of x?
6
Suppose -18*x + 9*x = 4752. Let r be x/(-14) - (-18)/63. Let b = 114 - r. What is the tens digit of b?
7
Suppose k = -16*q + 14*q + 16415, -3*q + 24 = 0. What is the hundreds digit of k?
3
Suppose 0 = -4*f - l + 1758, -5*f + 1559 + 640 = 2*l. Let z = f + -285. Suppose -4*q + 430 = -z. What is the units digit of q?
6
Let f = 247 + -175. Suppose 7*s - f - 40 = 0. Suppose -2*k = -6*k - s, -4*o + 5*k = -536. What is the tens digit of o?
2
Let w(t) = -23 + 1 + 24*t + 4 - 4*t + t**2. Let z be w(-21). Suppose z*l + 5*k - 438 = 0, -k + 4*k = -2*l + 293. What is the units digit of l?
1
Suppose -3*q + 24168 = 3*n, -2*n - q + 2987 = -13126. What is the units digit of n?
7
Let p = -1126 + 451. Let q = 1526 + p. What is the hundreds digit of q?
8
Let z(x) = 4*x + 74. Let j be z(-16). What is the units digit of 319 - -1*j/(-2)?
4
Let p be 4/14 + (-437)/(-161). Suppose -r - x + 228 = -p*x, 480 = 2*r + 2*x. What is the tens digit of r?
3
Let q be 2/(-17) + 459481/187. What is the hundreds digit of q/6 + (-4)/8?
4
Let j = -23 - 368. Suppose -3*q - 559 = -v, v - 5*q = -2*v + 1661. Let u = v + j. What is the units digit of u?
6
Suppose 130 = 6*x + 20*x. Let u(f) = f - 5. Let a be u(8). Suppose -5*l - 82 = -h - h, x*l = a*h - 128. What is the tens digit of h?
4
Let a be (6 - 0)*(5 + (-22)/4). Let g(l) = 84*l**2 + 13*l + 44. What is the hundreds digit of g(a)?
7
Let w(t) be the third derivative of 7*t**5/12 - t**4/24 - t**3/6 - 3*t**2. Suppose f - 3*f - 5 = -3*n, 5*f = 3*n - 8. What is the tens digit of w(f)?
3
Let t(f) = 822*f + 3475. What is the hundreds digit of t(61)?
6
Let l(o) = 5*o**2 - 12*o - 21. Let y be l(18). Let j = y + -690. What is the units digit of j?
3
Let m(z) = -13*z - 62. Let t be m(-9). What is the units digit of (t + 3)*(3 + 0)?
4
Let y(x) = -4*x**3 - 72*x**2 - 48*x + 37. What is the tens digit of y(-24)?
1
Suppose -2*d + 5524 = -5*u + 3*u, 0 = -4*u - 2*d - 11072. What is the tens digit of (u/(-4)*1)/(9/6)?
6
Let f = -8740 - -50977. What is the units digit of f?
7
Suppose 4*q + 2 = 3*u + 12, 4*q = -4*u + 24. Let v(l) = 11*l**3 - 3*l + 6. What is the tens digit of v(u)?
8
Let d(f) = -93*f + 978. What is the units digit of d(-17)?
9
Suppose 8*w - 11 - 5 = 0. Let h(c) = 101*c + 4*c**2 - 100*c + 19 - 3*c**w. What is the units digit of h(8)?
1
Let n = -139 - -208. Let o = 123 - n. Suppose o*b - 396 = 50*b. What is the tens digit of b?
9
Suppose 357 = 3*d - 0. Let p = d - -249. What is the hundreds digit of p?
3
Let w(l) = 186*l - 1. Let y(q) = 3*q**2 - 37*q + 16. Let g be y(12). Suppose -5*m = -m + 5*f + 6, -g*f = -4*m + 12. What is the tens digit of w(m)?
8
Suppose 9*d = 9579 + 18834. Suppose -i = -5*p + d, -3*p + 0*i + 3*i = -1899. What is the hundreds digit of p?
6
Suppose 5*s - 695 = -0. Let i = 309 - s. Suppose 0 = -2*w + 3*h - 5*h + i, -295 = -3*w + 5*h. What is the units digit of w?
0
Let k(x) = x - 6. Suppose -4*w = -8*w + 12. Let n be k(w). What is the tens digit of (-8)/12 - 41/n?
1
Let a = -118 - -232. Let d = 295 + a. What is the tens digit of d?
0
Suppose -108*w - 8280 = -123*w. Suppose 2*o = o + w. What is the hundreds digit of o?
5
Let z = 59333 + -33159. What is the tens digit of z?
7
Let s = 1431 - -594. Suppose -7*p + 2031 = -2*p - t, 5*t - s = -5*p. What is the hundreds digit of p?
4
Let t = -792 + 798. What is the tens digit of (351 + -3)*t/8?
6
Suppose -13 = -4*u - 5*w, -u + 4*w + 2 = 2*u. Suppose -v = -b - 2*b + 3, 5*b = -u*v + 5. Suppose -2*y = -v*y - 24. What is the units digit of y?
2
Suppose -5*m + 3844 = -4*s, -5*s - 1524 = -3*m + m. Suppose -m = -3*j - 2*j - 2*i, j + i - 155 = 0. What is the units digit of j?
4
Suppose -47*n + 2074648 + 2428296 - 781061 = 0. What is the ten thousands digit of n?
7
Suppose 182190 + 73793 = 13*o. What is the tens digit of o?
9
Let k(y) = -y**2 - 7*y - 8. Let l be k(-4). Suppose -o = -3*n + 2*o + 294, 0 = -l*o + 8. Suppose -3*i + n = 7*i. What is the tens d